 3*k - 5*f = -30 + 2. Let b(p) = 5*p**3 + 2*p + 1. Give b(k).
-6
Let t(p) = -7 + 18*p - 13*p - 4*p. Let x be 1/(-3 + (1 - 100/(-48))). Suppose -5*v = -7*v + x. What is t(v)?
-1
Let b(r) = -50*r**3 - 38*r**2 - 1066*r - 162. Let o(d) = 7*d**3 + 5*d**2 + 149*d + 23. Let l(a) = -6*b(a) - 43*o(a). Let y be ((-2)/1)/((-1)/6). Determine l(y).
-5
Let a(f) = 3 - 1 - 3. Let s(q) be the third derivative of -q**5/60 + 5*q**4/24 + 2*q**3/3 + 279*q**2. Let j(d) = -2*a(d) - s(d). What is j(7)?
12
Let n = -336 - -414. Let l = n - 76. Let y(v) = 0 + 2*v**2 + 0 - 3*v. Give y(l).
2
Let b(a) be the first derivative of 7*a**3/3 + 2*a**2 - 5*a + 703. Determine b(1).
6
Let d(m) = 3*m**3 - m**2 - 2*m. Suppose 234 = 7*t + 2*t. Suppose 66 - t = -20*i. Determine d(i).
-24
Let o(p) be the first derivative of p**4/4 - 16*p**3/3 - 8*p**2 + 33*p - 1492. Determine o(17).
50
Let c(w) = -w**3 - 11*w**2 + 40*w - 23. Let q be c(-14). Suppose -2*h + q = -3*h - y, -5*y + 23 = -3*h. Let o(v) = v - 5. What is o(h)?
-11
Let w be ((-102)/14 + 4/14)/((-434)/(-434)). Let d(i) = 6*i + 50. Calculate d(w).
8
Let m(q) = 2*q + 7. Let r(k) = -27*k - 65. Let d(n) = -18*m(n) - 2*r(n). Give d(4).
76
Let i(y) = -4*y + 84. Let m(c) = 8*c - 171. Let b(w) = 5*i(w) + 2*m(w). Let h be b(20). Let j(x) be the second derivative of x**3/3 + x**2/2 - x. Give j(h).
-3
Let l(y) = 120*y + 115. Let p be l(7). Let w(r) = r**2 + 10*r**2 + p - 955. What is w(-1)?
11
Let t(n) = -n**2 - 8*n + 14. Suppose 24*h + 27*h = -408. What is t(h)?
14
Let y(p) be the first derivative of 7/3*p**3 + p**2 + 6 - p. Suppose 3*x + 4 = 7*x. What is y(x)?
8
Let c(r) = 5*r - 63. Let p be c(14). Let g(m) = -13*m + 11. Let o(y) = 11*y - 10. Let i(j) = p*o(j) + 6*g(j). Give i(-5).
1
Let n be 78/(-24)*(-3 - 1). Let r(i) = -n*i**2 + 9 + 12*i**2 + i**3 - 9*i**2 + 6*i + 4*i - 1. Let q(f) = 9*f**3 - f + 1. Let b be q(1). Give r(b).
17
Let s(z) = -z**3 + 6*z**2 - 3*z. Suppose -3*k + 3*b = -0*k - 69, 3*b - 51 = -3*k. Let f be (20/(-80))/((-1)/k). Give s(f).
10
Let y(w) = -3*w**3 - 2*w - 1. Let s be y(-1). Let i(l) = -5 + 164*l**2 - 2850*l - 168*l**2 + 2854*l + l**3. Give i(s).
11
Let f(p) be the first derivative of -2*p + 4/3*p**3 + 2*p**2 + 261 + 1/4*p**4. Determine f(-4).
-18
Let d be (-2)/(-4) + (186/4 - 0). Suppose d = 4*t + 19. Let i(f) = -f + f - 6*f + 7 + t*f. Determine i(-7).
0
Let m(y) be the third derivative of 1/3*y**4 - 1/2*y**3 + 13*y + 0 - 1/120*y**6 - 1/10*y**5 + 5*y**2. Calculate m(-7).
-10
Let d be (2/(-4))/((-2)/52). Let s be 11/(-13) + (-2)/d. Let n(x) = -84*x - 81*x + 1 + 167*x - 4*x**3. Give n(s).
3
Let p(x) = -x - 1. Let m be p(7). Let v be (-34)/(-8) + -1*(-2)/m. Let c(j) = j - j**2 + 3 - 22 + 8 + v. What is c(0)?
-7
Let v(d) = 2786*d - d**3 - 5595*d + 2795*d + 1 + 8 - 12*d**2 - 1. Calculate v(-10).
-52
Let s(z) = z**3 - 7*z**2 - 5*z - 42. Let q be s(11). Suppose 6*x = -393 + q. Let y(r) = -14*r**2 - 1. Calculate y(x).
-15
Let m = -14 + 10. Let x(u) = -2*u. Let p(b) = b + 1. Let a(q) = m*p(q) - x(q). Suppose 1589 - 534 = -211*c. Give a(c).
6
Let h be (15/(-6))/(5/(-10)). Suppose h*z = -y + 5*y + 484, 0 = 4*z + y - 383. Let r = -98 + z. Let b(o) = -o**2 - 4*o - 3. Determine b(r).
1
Let s(l) = 3*l - 1. Let k(h) be the third derivative of -7*h**4/24 + h**3/3 - 9*h**2 - h. Let x(o) = 4*k(o) + 10*s(o). Suppose -3*u + 17 = -4. Determine x(u).
12
Let w(i) = 2*i**2 - 3*i - 16. Let s = -13143 + 13147. What is w(s)?
4
Let s = -1266 + 778. Let r = s - -490. Let f(b) be the first derivative of -b**4/4 + 3*b**2/2 - 2*b + 1. What is f(r)?
-4
Let f = 13895 - 13891. Let t(z) = -7*z**2 + 4*z - 11. Determine t(f).
-107
Let t(f) = f**3 - f**2 + f - 65. Let x = -877 - -877. Calculate t(x).
-65
Let h(s) = 17*s - 12. Let i(f) = 4*f - 3. Let j(y) = -6*h(y) + 26*i(y). Let v = 5034 + -5029. What is j(v)?
4
Let l(f) = 3*f**3 + 2*f**2 - 4*f + 3. Suppose -47*d = -52*d + 20. Let a(r) = 5*r**3 + 3*r**2 - 7*r + 5. Let z(b) = d*a(b) - 7*l(b). What is z(-3)?
8
Let p(d) = d + 2. Suppose 4*t = 11*t - 1512. Suppose 3*i - t = -4*l + i, -3*l + 162 = i. Suppose -7*c - l = 2*c. Give p(c).
-4
Suppose -g - 2*g + 3*x = 6, 0 = 4*g + 4*x - 16. Let v(f) = -5 + 1 + g - f. Suppose -t = 2*s + 5, 2*s - 491 = 4*t - 501. Determine v(s).
0
Let l(o) be the second derivative of 1/3*o**3 - 2 - 38*o + 5/2*o**2. Calculate l(-5).
-5
Let k(x) = 8*x - 107. Let f(l) = -3*l + 29. Let w(i) = -7*f(i) - 2*k(i). What is w(-3)?
-4
Let l = -36674 + 36680. Let w(x) be the third derivative of 7/24*x**4 - 1/120*x**l - 1/10*x**5 + 18*x**2 + x**3 + 0*x + 0. Calculate w(-7).
6
Let o = 1309 + -1322. Let b(g) be the first derivative of g**2/2 + 32*g - 5. Calculate b(o).
19
Suppose 4*c + 2*r = 12, 5*r - 10 + 50 = 4*c. Let t(i) = 18*i - 9. Let z be t(4). Let p(h) = -6*h**2 + z + h**3 + 68 + 63 + 5*h - 188. Give p(c).
6
Let z(t) = -5*t**3 - 2*t**2 + 1. Let q(b) = -10*b + 43. Let y be q(20). Let c = 156 + y. What is z(c)?
4
Let i(n) = n + 10. Let f(r) = 4*r + 67. Let z(c) = -f(c) + 6*i(c). Determine z(1).
-5
Suppose -2575 = -60*u + 163*u. Let j(f) = f**3 + 24*f**2 - 27*f - 12. Give j(u).
38
Let g(b) = -b**3 - 6*b**2 - 3*b + 6. Let w(k) = -k + 1. Let f = 14 + -23. Let o = 15 + f. Let i be w(o). Give g(i).
-4
Let z(c) = c + 9. Let r be (-16)/(-4) - (-2 + 1)*-21. Let s = r + 22. Suppose -s*f - 2 - 18 = 0. What is z(f)?
5
Suppose c = -2*w - 1, -8*w + 11*w = -2*c - 3. Let h(n) = n**3 + 3*n**2 + 4*n + 2. What is h(c)?
-10
Let n(u) = 3*u - 11. Let v(b) = -2*b**3 - 11*b**2 - 8*b - 15. Let k be v(-5). Suppose k = -11*p - 36*p + 282. What is n(p)?
7
Suppose b - 22*o = -17*o, -4*o = -3*b - 33. Let h(f) = -f**3 - 13*f**2 + 24*f - 52. What is h(b)?
38
Let u(f) = 9*f + 93. Suppose 0 = -14*j + 10*j - 9*j - 130. Calculate u(j).
3
Suppose 0*m - z = 2*m - 12, 4 = z. Let d(v) = 91 - m*v**2 - v**2 - 96 - 3*v**2 - v**3. Suppose -4*j + 6 = 38. Determine d(j).
-5
Let b be ((-3)/(-2))/(15/((-4200)/20)). Let s(p) = 2*p + 46. Determine s(b).
4
Let g(c) be the third derivative of -c**4/8 - 11*c**3/3 + 2*c**2 + 395*c. Determine g(-14).
20
Let q(f) = -f**2 + 19*f + 4. Let n(d) = -d**3 - 7*d**2 - 3*d - 1. Let z be n(-5). Let x = -17 - z. Let s be q(x). Let u(i) = -i**3 + 4*i**2 - i + 3. Give u(s).
-1
Let z(q) = q**3 - 23*q**2 + 42*q + 3. Let u be z(21). Let g(s) = -s**2. Let n(f) = -4*f**2 - f. Let x(w) = u*g(w) - n(w). Give x(-4).
12
Let m = -457 + 456. Let x be m*(-2 + 0 - 1 - -4). Let r(d) be the third derivative of -19*d**6/120 + d**5/60 - d**2. Determine r(x).
20
Let g be ((-3)/9*1)/(2/(-12)). Let k(p) = -81*p**3 - 7*p**g - p**2 + 156*p**3 - 9*p - 76*p**3 + 2. Suppose -6*l - 41 = -l + 2*u, -4*u = 2*l + 26. What is k(l)?
16
Let c(o) be the third derivative of -o**4/24 + 1150*o**2 + 7. Suppose -4*k + 9 = 33. Let a be (-8)/(-12)*k/(-4). Give c(a).
-1
Let d(h) = 22161*h + 66484. Let y be d(-3). Let m(w) be the first derivative of 13*w**4/2 + 2*w**3/3 - w + 1. Determine m(y).
27
Let a(q) = -3*q**2 + 137*q - 1303. Let u be a(32). Let z(h) be the second derivative of -u*h + 2/3*h**3 + 0 - 1/12*h**4 + 5/2*h**2. Determine z(4).
5
Let q(a) = a + 1. Let k be (-2 - -5)/(8/16). Let p(t) = 7*t + 2. Let d(r) = k*q(r) - p(r). Suppose 2*z + 2*z + 12 = 0. What is d(z)?
7
Let i(k) be the first derivative of -k**4/4 + 17*k**3/3 - 17*k**2 + 44*k - 7676. Calculate i(15).
-16
Let n be ((-2)/(-6))/((-7)/42). Let m be (28/(-35))/(2/(-180)). Let t(c) = -m*c + 37*c + 1 + 38*c - c**2. Give t(n).
-9
Let c(k) = 2 - k**2 + 8*k - 1 + 1. Let d = -253 - -273. Suppose 4*t = -d, 17*w - 16*w = 4*t + 27. Give c(w).
9
Suppose -12 = 5*y + 33. Let a(r) = -37*r**3 - 15*r**2 + 12. Let d(n) = -105*n**3 - 44*n**2 + 33. Let u(v) = -17*a(v) + 6*d(v). Give u(y).
-6
Suppose -60 = 4*g - 4*j, 13 = -2*g - 3*j - 32. Let p(z) = -z + 5. Let v(y) = 1. Let f(a) = g*v(a) + 4*p(a). Calculate f(4).
-14
Let b be (-5 + 7 - -3) + -5. Suppose b = 2*d + 7 - 7. Let a(x) = -x**3 - x**2 + 4*x**2 - 2*x**2 - 5. Determine a(d).
-5
Let g(a) = 45*a + 33. Let j(f) = 38*f + 31. Let r(b) = 5*g(b) - 6*j(b). Calculate r(-10).
9
Let u(v) = 6*v**2 + 12170*v + 3 - 12207*v - v**3 + 36 + 31*v**2. Determine u(36).
3
Let n(b) = 7*b**2 + 3*b + 4. Let c(h) = -2*h**2 + 1. Let r be (-2 - (3 - 3)) + (-12)/(-4). Let a(w) = r*n(w) + 3*c(w). Calculate a(-3).
7
Let g(c) = 8*c**3 - 6*c**2 + c + 16. Suppose 8*y - 5